{"id":7453,"date":"2024-05-29T07:27:42","date_gmt":"2024-05-29T07:27:42","guid":{"rendered":"https:\/\/spanishtours.es\/?post_type=product&#038;p=7453"},"modified":"2024-06-05T08:42:47","modified_gmt":"2024-06-05T08:42:47","slug":"tour-santiago-de-compostela-pontevedra-y-alrededores-7-dias","status":"publish","type":"product","link":"https:\/\/spanishtours.es\/pt\/product\/tour-santiago-de-compostela-pontevedra-y-alrededores-7-dias\/","title":{"rendered":"Tour Santiago de Compostela, Pontevedra y alrededores-7 d\u00edas"},"content":{"rendered":"<div data-elementor-type=\"wp-post\" data-elementor-id=\"7453\" class=\"elementor elementor-7453\">\n\t\t\t\t\t\t<section class=\"elementor-section elementor-top-section elementor-element elementor-element-71b8a010 elementor-section-boxed elementor-section-height-default elementor-section-height-default\" data-id=\"71b8a010\" data-element_type=\"section\">\n\t\t\t\t\t\t<div class=\"elementor-container elementor-column-gap-default\">\n\t\t\t\t\t<div class=\"elementor-column elementor-col-100 elementor-top-column elementor-element elementor-element-6295d34b\" data-id=\"6295d34b\" data-element_type=\"column\">\n\t\t\t<div class=\"elementor-widget-wrap elementor-element-populated\">\n\t\t\t\t\t\t<div class=\"elementor-element elementor-element-305f08e8 elementor-widget elementor-widget-text-editor\" data-id=\"305f08e8\" data-element_type=\"widget\" data-widget_type=\"text-editor.default\">\n\t\t\t\t<div class=\"elementor-widget-container\">\n\t\t\t<style>\/*! elementor - v3.19.0 - 29-01-2024 *\/\n.elementor-widget-text-editor.elementor-drop-cap-view-stacked .elementor-drop-cap{background-color:#69727d;color:#fff}.elementor-widget-text-editor.elementor-drop-cap-view-framed .elementor-drop-cap{color:#69727d;border:3px solid;background-color:transparent}.elementor-widget-text-editor:not(.elementor-drop-cap-view-default) .elementor-drop-cap{margin-top:8px}.elementor-widget-text-editor:not(.elementor-drop-cap-view-default) .elementor-drop-cap-letter{width:1em;height:1em}.elementor-widget-text-editor .elementor-drop-cap{float:left;text-align:center;line-height:1;font-size:50px}.elementor-widget-text-editor .elementor-drop-cap-letter{display:inline-block}<\/style>\t\t\t\t<p class=\"cvGsUA direction-ltr align-center para-style-body\"><span class=\"OYPEnA text-decoration-none text-strikethrough-none\">INFORMACI\u00d3N DETALLADA : TOUR SANTIAGO DE COMPOSTELA-PONTEVEDRA-VIGO Y ALREDEDORES<\/span><\/p><p class=\"cvGsUA direction-ltr align-center para-style-body\"><span class=\"OYPEnA text-decoration-none text-strikethrough-none\">ACTIVIDADES POR D\u00cdA<\/span><\/p><p class=\"cvGsUA direction-ltr align-start para-style-body\"><span class=\"OYPEnA text-decoration-none text-strikethrough-none\">Llegada (19 de junio):<\/span><\/p><p class=\"cvGsUA direction-ltr align-start para-style-body\"><span class=\"OYPEnA text-decoration-none text-strikethrough-none\">Llegada a Santiago de Compostela. Check-in en el alojamiento.<\/span><\/p><p class=\"cvGsUA direction-ltr align-start para-style-body\">\u00a0<\/p><p class=\"cvGsUA direction-ltr align-start para-style-body\"><span class=\"OYPEnA text-decoration-none text-strikethrough-none\">D\u00eda 1 (20 de junio):<\/span><\/p><p class=\"cvGsUA direction-ltr align-start para-style-body\"><span class=\"OYPEnA text-decoration-none text-strikethrough-none\">10:00 hrs: Visita guiada y en grupo a la famosa Catedral Santiago de Compostela,<\/span> <span class=\"OYPEnA text-decoration-none text-strikethrough-none\">conocida como la culminaci\u00f3n de la ruta de peregrinaci\u00f3n del Camino de Santiago.<\/span><\/p><p class=\"cvGsUA direction-ltr align-start para-style-body\"><span class=\"OYPEnA text-decoration-none text-strikethrough-none\">11:30 hrs: ruta por el Parque La Alameda, el Mercado de Abastos de Santiago de Compostela y Praza da Quintana.<\/span><\/p><p class=\"cvGsUA direction-ltr align-start para-style-body\"><span class=\"OYPEnA text-decoration-none text-strikethrough-none\">13:00 hrs: Aperitivo en Casa Marte. Incluye un vermut\/cerveza o refresco y 2 aperitivos a escoger.<\/span><\/p><p class=\"cvGsUA direction-ltr align-start para-style-body\"><span class=\"OYPEnA text-decoration-none text-strikethrough-none\">14:30: Comida en O Piorno<\/span><\/p><p class=\"cvGsUA direction-ltr align-start para-style-body\"><span class=\"OYPEnA text-decoration-none text-strikethrough-none\">17:00 hrs.<\/span> <span class=\"OYPEnA text-decoration-none text-strikethrough-none\">hrs: Traslado en unidades de transporte privado a Pontevedra y check-in en alojamiento en Pontevedra<\/span><\/p><p class=\"cvGsUA direction-ltr align-start para-style-body\"><span class=\"OYPEnA text-decoration-none text-strikethrough-none\">Cena por cuenta propia<\/span><\/p><p>\u00a0<\/p><p>D\u00eda 2 (21 de junio):<\/p><p>Ma\u00f1ana libre para explorar<\/p><p>13:30:hrs: Aperitivo y comida en La Paloma Centro<\/p><p>16:00 hrs: Visita la Plaza de la Le\u00f1a y la Bas\u00edlica de Santa Mar\u00eda la Mayor.<\/p><p>18:00 hrs: Tiempo libre para explorar.<\/p><p>20:30 hrs: Cena en Casa Fidel O Pulpeiro<\/p><p>\u00a0<\/p><p>D\u00eda 3 (22 de junio):<\/p><p>10:00 hrs. Visita la Playa de La Lanzada, una de las playas m\u00e1s famosas de la regi\u00f3n. Traslado en unidades privadas.<\/p><p>D\u00eda libre para disfrutar de un picnic en la playa y realizar actividades como nadar o tomar el sol. Se proveer\u00e1 con alimentos, bebidas, sombrillas y sillas de playa.<\/p><p>17:00 hrs: Regreso al alojamiento y tiempo de descanso<\/p><p>20:30: Cena en Casa Rom\u00e1n, Pontevedra.<\/p><p class=\"cvGsUA direction-ltr align-start para-style-body\">\u00a0<\/p><p class=\"cvGsUA direction-ltr align-start para-style-body\"><span class=\"OYPEnA text-decoration-none text-strikethrough-none\">D\u00eda 4 (23 de junio):<\/span><\/p><p class=\"cvGsUA direction-ltr align-start para-style-body\"><span class=\"OYPEnA text-decoration-none text-strikethrough-none\">10:00 hrs: Traslado a Vigo. Visita al Casco Hist\u00f3rico en tour guiado. Caminaremos por sus calles m\u00e1s emblem\u00e1ticas y visitaremos la concatedral-bas\u00edlica de Santa Mar\u00eda de Vigo.<\/span><\/p><p class=\"cvGsUA direction-ltr align-start para-style-body\"><span class=\"OYPEnA text-decoration-none text-strikethrough-none\">14:00 hrs. : comida t\u00edpica en Porto Santo.<\/span><\/p><p class=\"cvGsUA direction-ltr align-start para-style-body\"><span class=\"OYPEnA text-decoration-none text-strikethrough-none\">16 hrs.: tarde libre para explorar la ciudad.<\/span><\/p><p class=\"cvGsUA direction-ltr align-start para-style-body\"><span class=\"OYPEnA text-decoration-none text-strikethrough-none\">19: 00 hrs. Regreso a Pontevedra.<\/span><\/p><p class=\"cvGsUA direction-ltr align-start para-style-body\"><span class=\"OYPEnA text-decoration-none text-strikethrough-none\">20:00 Hrs: cena por cuenta propia.<\/span><\/p><p class=\"cvGsUA direction-ltr align-start para-style-body\"><span class=\"OYPEnA text-decoration-none text-strikethrough-none\">D\u00eda 5 (24 de junio):<\/span><\/p><p class=\"cvGsUA direction-ltr align-start para-style-body\"><span class=\"OYPEnA text-decoration-none text-strikethrough-none\">10:00: Excursi\u00f3n a Combarro, una pintoresca localidad costera. Tiempo libre para explorar.<\/span><\/p><p class=\"cvGsUA direction-ltr align-start para-style-body\">\u00a0<\/p><p class=\"cvGsUA direction-ltr align-start para-style-body\"><span class=\"OYPEnA text-decoration-none text-strikethrough-none\">13:30: comida en O Bocoi y tiempo libre para la playa y paseo.<\/span><\/p><p class=\"cvGsUA direction-ltr align-start para-style-body\"><span class=\"OYPEnA text-decoration-none text-strikethrough-none\">17:00: regreso a Pontevedra. Tiempo libre y cena por cuenta propia.<\/span><\/p><p class=\"cvGsUA direction-ltr align-start para-style-body\"><span class=\"OYPEnA text-decoration-none text-strikethrough-none\">FIN DEL TOUR<\/span><\/p><p>\u00a0<\/p><p>\u00a0<\/p>\t\t\t\t\t\t<\/div>\n\t\t\t\t<\/div>\n\t\t\t\t\t<\/div>\n\t\t<\/div>\n\t\t\t\t\t<\/div>\n\t\t<\/section>\n\t\t\t\t<\/div>","protected":false},"excerpt":{"rendered":"<p>INFORMACI\u00d3N DETALLADA : TOUR SANTIAGO DE COMPOSTELA-PONTEVEDRA-VIGO Y ALREDEDORES ACTIVIDADES POR D\u00cdA Llegada (19 de junio): Llegada a Santiago de Compostela. Check-in en el alojamiento. D\u00eda 1 (20 de junio): 10:00 hrs: Visita guiada y en grupo a la famosa Catedral Santiago de Compostela, conocida como la culminaci\u00f3n de la ruta de peregrinaci\u00f3n del Camino [&hellip;]<\/p>","protected":false},"featured_media":7454,"comment_status":"closed","ping_status":"closed","template":"","meta":{"om_disable_all_campaigns":false,"_monsterinsights_skip_tracking":false,"_monsterinsights_sitenote_active":false,"_monsterinsights_sitenote_note":"","_monsterinsights_sitenote_category":0},"product_cat":[15],"product_tag":[],"class_list":{"0":"post-7453","1":"product","2":"type-product","3":"status-publish","4":"has-post-thumbnail","6":"product_cat-sin-categorizar","8":"first","9":"instock","10":"shipping-taxable","11":"purchasable","12":"product-type-simple"},"aioseo_notices":[],"_links":{"self":[{"href":"https:\/\/spanishtours.es\/pt\/wp-json\/wp\/v2\/product\/7453","targetHints":{"allow":["GET"]}}],"collection":[{"href":"https:\/\/spanishtours.es\/pt\/wp-json\/wp\/v2\/product"}],"about":[{"href":"https:\/\/spanishtours.es\/pt\/wp-json\/wp\/v2\/types\/product"}],"replies":[{"embeddable":true,"href":"https:\/\/spanishtours.es\/pt\/wp-json\/wp\/v2\/comments?post=7453"}],"version-history":[{"count":4,"href":"https:\/\/spanishtours.es\/pt\/wp-json\/wp\/v2\/product\/7453\/revisions"}],"predecessor-version":[{"id":7465,"href":"https:\/\/spanishtours.es\/pt\/wp-json\/wp\/v2\/product\/7453\/revisions\/7465"}],"wp:featuredmedia":[{"embeddable":true,"href":"https:\/\/spanishtours.es\/pt\/wp-json\/wp\/v2\/media\/7454"}],"wp:attachment":[{"href":"https:\/\/spanishtours.es\/pt\/wp-json\/wp\/v2\/media?parent=7453"}],"wp:term":[{"taxonomy":"product_cat","embeddable":true,"href":"https:\/\/spanishtours.es\/pt\/wp-json\/wp\/v2\/product_cat?post=7453"},{"taxonomy":"product_tag","embeddable":true,"href":"https:\/\/spanishtours.es\/pt\/wp-json\/wp\/v2\/product_tag?post=7453"}],"curies":[{"name":"wp","href":"https:\/\/api.w.org\/{rel}","templated":true}]}}

Tour Santiago de Compostela, Pontevedra y alrededores-7 días

<div data-elementor-type="wp-post" data-elementor-id="7453" class="elementor elementor-7453">
						<section class="elementor-section elementor-top-section elementor-element elementor-element-71b8a010 elementor-section-boxed elementor-section-height-default elementor-section-height-default" data-id="71b8a010" data-element_type="section">
						<div class="elementor-container elementor-column-gap-default">
					<div class="elementor-column elementor-col-100 elementor-top-column elementor-element elementor-element-6295d34b" data-id="6295d34b" data-element_type="column">
			<div class="elementor-widget-wrap elementor-element-populated">
						<div class="elementor-element elementor-element-305f08e8 elementor-widget elementor-widget-text-editor" data-id="305f08e8" data-element_type="widget" data-widget_type="text-editor.default">
				<div class="elementor-widget-container">
			<style>/*! elementor - v3.19.0 - 29-01-2024 */
.elementor-widget-text-editor.elementor-drop-cap-view-stacked .elementor-drop-cap{background-color:#69727d;color:#fff}.elementor-widget-text-editor.elementor-drop-cap-view-framed .elementor-drop-cap{color:#69727d;border:3px solid;background-color:transparent}.elementor-widget-text-editor:not(.elementor-drop-cap-view-default) .elementor-drop-cap{margin-top:8px}.elementor-widget-text-editor:not(.elementor-drop-cap-view-default) .elementor-drop-cap-letter{width:1em;height:1em}.elementor-widget-text-editor .elementor-drop-cap{float:left;text-align:center;line-height:1;font-size:50px}.elementor-widget-text-editor .elementor-drop-cap-letter{display:inline-block}</style>				<p class="cvGsUA direction-ltr align-center para-style-body"><span class="OYPEnA text-decoration-none text-strikethrough-none">INFORMACIÓN DETALLADA : TOUR SANTIAGO DE COMPOSTELA-PONTEVEDRA-VIGO Y ALREDEDORES</span></p><p class="cvGsUA direction-ltr align-center para-style-body"><span class="OYPEnA text-decoration-none text-strikethrough-none">ACTIVIDADES POR DÍA</span></p><p class="cvGsUA direction-ltr align-start para-style-body"><span class="OYPEnA text-decoration-none text-strikethrough-none">Llegada (19 de junio):</span></p><p class="cvGsUA direction-ltr align-start para-style-body"><span class="OYPEnA text-decoration-none text-strikethrough-none">Llegada a Santiago de Compostela. Check-in en el alojamiento.</span></p><p class="cvGsUA direction-ltr align-start para-style-body"> </p><p class="cvGsUA direction-ltr align-start para-style-body"><span class="OYPEnA text-decoration-none text-strikethrough-none">Día 1 (20 de junio):</span></p><p class="cvGsUA direction-ltr align-start para-style-body"><span class="OYPEnA text-decoration-none text-strikethrough-none">10:00 hrs: Visita guiada y en grupo a la famosa Catedral Santiago de Compostela,</span> <span class="OYPEnA text-decoration-none text-strikethrough-none">conocida como la culminación de la ruta de peregrinación del Camino de Santiago.</span></p><p class="cvGsUA direction-ltr align-start para-style-body"><span class="OYPEnA text-decoration-none text-strikethrough-none">11:30 hrs: ruta por el Parque La Alameda, el Mercado de Abastos de Santiago de Compostela y Praza da Quintana.</span></p><p class="cvGsUA direction-ltr align-start para-style-body"><span class="OYPEnA text-decoration-none text-strikethrough-none">13:00 hrs: Aperitivo en Casa Marte. Incluye un vermut/cerveza o refresco y 2 aperitivos a escoger.</span></p><p class="cvGsUA direction-ltr align-start para-style-body"><span class="OYPEnA text-decoration-none text-strikethrough-none">14:30: Comida en O Piorno</span></p><p class="cvGsUA direction-ltr align-start para-style-body"><span class="OYPEnA text-decoration-none text-strikethrough-none">17:00 hrs.</span> <span class="OYPEnA text-decoration-none text-strikethrough-none">hrs: Traslado en unidades de transporte privado a Pontevedra y check-in en alojamiento en Pontevedra</span></p><p class="cvGsUA direction-ltr align-start para-style-body"><span class="OYPEnA text-decoration-none text-strikethrough-none">Cena por cuenta propia</span></p><p> </p><p>Día 2 (21 de junio):</p><p>Mañana libre para explorar</p><p>13:30:hrs: Aperitivo y comida en La Paloma Centro</p><p>16:00 hrs: Visita la Plaza de la Leña y la Basílica de Santa María la Mayor.</p><p>18:00 hrs: Tiempo libre para explorar.</p><p>20:30 hrs: Cena en Casa Fidel O Pulpeiro</p><p> </p><p>Día 3 (22 de junio):</p><p>10:00 hrs. Visita la Playa de La Lanzada, una de las playas más famosas de la región. Traslado en unidades privadas.</p><p>Día libre para disfrutar de un picnic en la playa y realizar actividades como nadar o tomar el sol. Se proveerá con alimentos, bebidas, sombrillas y sillas de playa.</p><p>17:00 hrs: Regreso al alojamiento y tiempo de descanso</p><p>20:30: Cena en Casa Román, Pontevedra.</p><p class="cvGsUA direction-ltr align-start para-style-body"> </p><p class="cvGsUA direction-ltr align-start para-style-body"><span class="OYPEnA text-decoration-none text-strikethrough-none">Día 4 (23 de junio):</span></p><p class="cvGsUA direction-ltr align-start para-style-body"><span class="OYPEnA text-decoration-none text-strikethrough-none">10:00 hrs: Traslado a Vigo. Visita al Casco Histórico en tour guiado. Caminaremos por sus calles más emblemáticas y visitaremos la concatedral-basílica de Santa María de Vigo.</span></p><p class="cvGsUA direction-ltr align-start para-style-body"><span class="OYPEnA text-decoration-none text-strikethrough-none">14:00 hrs. : comida típica en Porto Santo.</span></p><p class="cvGsUA direction-ltr align-start para-style-body"><span class="OYPEnA text-decoration-none text-strikethrough-none">16 hrs.: tarde libre para explorar la ciudad.</span></p><p class="cvGsUA direction-ltr align-start para-style-body"><span class="OYPEnA text-decoration-none text-strikethrough-none">19: 00 hrs. Regreso a Pontevedra.</span></p><p class="cvGsUA direction-ltr align-start para-style-body"><span class="OYPEnA text-decoration-none text-strikethrough-none">20:00 Hrs: cena por cuenta propia.</span></p><p class="cvGsUA direction-ltr align-start para-style-body"><span class="OYPEnA text-decoration-none text-strikethrough-none">Día 5 (24 de junio):</span></p><p class="cvGsUA direction-ltr align-start para-style-body"><span class="OYPEnA text-decoration-none text-strikethrough-none">10:00: Excursión a Combarro, una pintoresca localidad costera. Tiempo libre para explorar.</span></p><p class="cvGsUA direction-ltr align-start para-style-body"> </p><p class="cvGsUA direction-ltr align-start para-style-body"><span class="OYPEnA text-decoration-none text-strikethrough-none">13:30: comida en O Bocoi y tiempo libre para la playa y paseo.</span></p><p class="cvGsUA direction-ltr align-start para-style-body"><span class="OYPEnA text-decoration-none text-strikethrough-none">17:00: regreso a Pontevedra. Tiempo libre y cena por cuenta propia.</span></p><p class="cvGsUA direction-ltr align-start para-style-body"><span class="OYPEnA text-decoration-none text-strikethrough-none">FIN DEL TOUR</span></p><p> </p><p> </p>						</div>
				</div>
					</div>
		</div>
					</div>
		</section>
				</div>

<p>INFORMACIÓN DETALLADA : TOUR SANTIAGO DE COMPOSTELA-PONTEVEDRA-VIGO Y ALREDEDORES ACTIVIDADES POR DÍA Llegada (19 de junio): Llegada a Santiago de Compostela. Check-in en el alojamiento. Día 1 (20 de junio): 10:00 hrs: Visita guiada y en grupo a la famosa Catedral Santiago de Compostela, conocida como la culminación de la ruta de peregrinación del Camino [&hellip;]</p>
